9) in base 13?
-7
What is 1311 (base 4) in base 9?
140
What is -220 (base 6) in base 7?
-150
What is 54 (base 8) in base 14?
32
2 (base 6) to base 10
2
What is -223 (base 6) in base 12?
-73
What is 3 (base 8) in base 10?
3
What is -5 (base 16) in base 5?
-10
Convert 112 (base 8) to base 11.
68
What is -4 (base 8) in base 4?
-10
Convert -200 (base 3) to base 6.
-30
Convert -35 (base 8) to base 16.
-1d
Convert 13 (base 9) to base 7.
15
What is 3 (base 10) in base 3?
10
-15 (base 16) to base 13
-18
What is 1 (base 7) in base 6?
1
What is -1224 (base 5) in base 13?
-117
1 (base 12) to base 5
1
100101 (base 2) to base 14
29
What is -32 (base 4) in base 8?
-16
Convert -12 (base 7) to base 12.
-9
What is 4 (base 13) in base 14?
4
Convert 99 (base 11) to base 8.
154
0 (base 6) to base 14
0
9a (base 13) to base 8
177
What is -4 (base 16) in base 2?
-100
-11 (base 2) to base 14
-3
Convert -10 (base 5) to base 8.
-5
256 (base 10) to base 16
100
3 (base 11) to base 10
3
-2 (base 13) to base 8
-2
-12211 (base 3) to base 11
-133
-1 (base 11) to base 4
-1
0 (base 14) to base 11
0
341 (base 8) to base 5
1400
Convert 1210 (base 5) to base 8.
264
-11 (base 5) to base 2
-110
What is -10000 (base 2) in base 8?
-20
-78 (base 14) to base 13
-82
Convert -19 (base 13) to base 7.
-31
What is -4 (base 9) in base 2?
-100
50 (base 6) to base 9
33
-11 (base 2) to base 6
-3
12c (base 14) to base 5
1421
What is 164 (base 9) in base 10?
139
What is -10 (base 6) in base 13?
-6
2 (base 13) to base 16
2
What is 17 (base 14) in base 12?
19
-10 (base 7) to base 10
-7
Convert 16 (base 13) to base 7.
25
What is -3 (base 4) in base 5?
-3
Convert -1 (base 2) to base 12.
-1
Convert -4 (base 11) to base 6.
-4
Convert -1 (base 3) to base 2.
-1
What is 1022 (base 3) in base 14?
27
What is -71 (base 13) in base 16?
-5c
1 (base 10) to base 6
1
What is 52 (base 12) in base 3?
2022
What is 10121 (base 3) in base 11?
89
9 (base 11) to base 9
10
Convert -251 (base 6) to base 15.
-6d
-1021 (base 3) to base 7
-46
Convert 20 (base 6) to base 13.
c
Convert -51 (base 9) to base 16.
-2e
-100000 (base 2) to base 5
-112
What is -b4 (base 13) in base 7?
-300
12 (base 12) to base 14
10
Convert -4 (base 7) to base 9.
-4
b (base 15) to base 6
15
-82 (base 9) to base 14
-54
What is f5 (base 16) in base 2?
11110101
Convert 306 (base 7) to base 11.
12a
3e (base 16) to base 11
57
-33 (base 9) to base 14
-22
21 (base 5) to base 11
10
Convert 8 (base 11) to base 3.
22
13 (base 12) to base 2
1111
Convert 6 (base 15) to base 5.
11
55 (base 14) to base 4
1023
Convert 46 (base 7) to base 14.
26
2 (base 3) to base 5
2
What is -5 (base 11) in base 2?
-101
Convert -5 (base 10) to base 14.
-5
Convert 60 (base 13) to base 15.
53
What is 35 (base 7) in base 3?
222
Convert -1a (base 16) to base 2.
-11010
11001 (base 2) to base 11
23
-17 (base 16) to base 5
-43
What is 1 (base 2) in base 8?
1
What is 14 (base 14) in base 2?
10010
115 (base 6) to base 3
1202
Convert -111 (base 7) to base 8.
-71
Convert 155 (base 9) to base 16.
83
What is 87 (base 11) in base 14?
6b
What is 6 (base 12) in base 13?
6
-5 (base 15) to base 12
-5
-121 (base 5) to base 9
-40
1 (base 16) to base 11
1
What is -3b (base 16) in base 11?
-54
What is 3 (base 10) in base 12?
3
Convert 20 (base 9) to base 12.
16
What is 68 (base 15) in base 14?
70
-1003 (base 5) to base 8
-200
Convert 10 (base 11) to base 15.
b
Convert -2 (base 13) to base 12.
-2
What is 2 (base 12) in base 10?
2
Convert 1 (base 8) to base 2.
1
-2 (base 8) to base 15
-2
Convert 38 (base 9) to base 15.
25
Convert 213 (base 9) to base 4.
2232
What is 1 (base 6) in base 4?
1
Convert 6 (base 9) to base 14.
6
What is 6 (base 9) in base 15?
6
What is 3 (base 8) in base 7?
3
Convert -10 (base 8) to base 4.
-20
Convert 59 (base 15) to base 14.
60
Convert -4 (base 12) to base 6.
-4
What is -10 (base 4) in base 16?
-4
Convert 4a (base 12) to base 15.
3d
What is 2 (base 5) in base 6?
2
Convert 4 (base 16) to base 15.
4
Convert -5 (base 16) to base 13.
-5
What is -63 (base 10) in base 15?
-43
What is -5 (base 15) in base 7?
-5
Convert -312 (base 5) to base 16.
-52
-2 (base 5) to base 4
-2
7 (base 13) to base 6
11
-11 (base 12) to base 2
-1101
What is 2 (base 9) in base 13?
2
Convert 0 (base 6) to base 10.
0
-11 (base 15) to base 14
-12
-10 (base 6) to base 3
-20
What is -1 (base 10) in base 15?
-1
What is 3312 (base 4) in base 2?
11110110
Convert 1134 (base 5) to base 15.
b4
Convert -41 (base 12) to base 15.
-34
Convert -5 (base 15) to base 7.
-5
What is cb (base 15) in base 12?
13b
Convert 0 (base 16) to base 12.
0
What is -1 (base 16) in base 15?
-1
Convert 2 (base 12) to base 4.
2
Convert -3 (base 7) to base 4.
-3
What is a (base 13) in base 6?
14
Convert a (base 13) to base 15.
a
Convert -11 (base 6) to base 7.
-10
Convert -8 (base 16) to base 4.
-20
Convert 9 (base 15) to base 16.
9
-201 (base 3) to base 9
-21
What is 1 (base 16) in base 9?
1
What is 0 (base 16) in base 5?
0
Convert -110011 (base 2) to base 8.
-63
What is 3 (base 10) in base 2?
11
-4 (base 16) to base 12
-4
-22 (base 3) to base 14
-8
Convert -34 (base 15) to base 16.
-31
-5 (base 16) to base 3
-12
0 (base 4) to base 16
0
-20 (base 16) to base 2
-100000
6 (base 10) to base 5
11
-10 (base 11) to base 14
-b
30 (base 14) to base 7
60
What is -66 (base 12) in base 7?
-141
What is -3 (base 7) in base 16?
-3
Convert -43 (base 5) to base 6.
-35
Convert -186 (base 9) to base 4.
-2133
What is 45 (base 6) in base 5?
104
What is 2 (base 4) in base 12?
2
What is 31 (base 9) in base 13?
22
112 (base 8) to base 4
1022
Convert 12 (base 7) to base 15.
9
5 (base 14) to base 2
101
-31 (base 12) to base 10
-37
Convert -1 (base 3) to base 7.
-1
Convert 0 (base 4) to base 16.
0
-8 (base 12) to base 5
-13
a (base 15) to base 3
101
-1 (base 14) to base 4
-1
-11 (base 5) to base 10
-6
Convert 5e (base 16) to base 11.
86
Convert 110 (base 10) to base 2.
1101110
-4 (base 11) to base 6
-4
Convert -145 (base 8) to base 13.
-7a
Convert 12 (base 3) to base 14.
5
What is -5 (base 9) in base 16?
-5
3 (base 6) to base 3
10
What is 11 (base 6) in base 11?
7
-16 (base 14) to base 15
-15
Convert -5 (base 10) to base 13.
-5
Convert -202 (base 3) to base 9.
-22
111101 (base 3) to base 4
11221
What is 1000 (base 2) in base 4?
20
Convert 230 (base 4) to base 9.
48
Convert 101222 (base 3) to base 14.
172
-92 (base 10) to base 11
-84
Convert 70 (base 8) to base 6.
132
-20 (base 3) to base 4
-12
9 (base 10) to base 9
10
Convert -3132 (base 4) to base 8.
-336
7 (base 9) to base 2
111
-1 (base 5) to base 12
-1
Convert 21 (base 5) to base 8.
13
Convert 211 (base 7) to base 5.
411
-4 (base 5) to base 9
-4
Convert 22 (base 3) to base 7.
11
14 (base 11) to base 2
1111
What is 236 (base 10) in base 7?
455
-1002 (base 5) to base 8
-177
Convert 15 (base 13) to base 10.
18
What is 1 (base 9) in base 15?
1
What is 132 (base 4) in base 16?
1e
-37 (base 8) to base 4
-133
Convert 41 (base 16) to base 4.
1001
What is -74 (base 10) in base 2?
-1001010
11 (base 2) to base 9
3
Convert 12113 (base 4) to base 12.
29b
Convert 1332 (base 5) to base 15.
e7
27 (base 13) to base 3
1020
Convert 1 (base 15) to base 9.
1
16 (base 7) to base 8
15
3 (base 6) to base 3
10
Convert b (base 15) to base 7.
14
-65 (base 8) to base 10
-53
What is 1020 (base 3) in base 8?
41
-11101 (base 2) to base 3
-1002
Convert 100 (base 6) to base 16.
24
1 (base 15) to base 8
1
322 (base 5) to base 11
7a
-1 (base 6) to base 11
-1
What is -7 (base 10) in base 15?
-7
Convert 205 (base 13) to base 8.
527
What is 2 (base 16) in base 15?
2
Convert -31 (base 11) to base 4.
-202
What is -166 (base 8) in base 4?
-1312
Convert 47 (base 10) to base 2.
101111
-1 (base 7) to base 2
-1
Convert 15 (base 7) to base 11.
11
Convert 2d (base 14) to base 12.
35
Convert 0 (base 5) to base 11.
0
What is 1223 (base 4) in base 13?
83
Convert 1c (base 16) to base 13.
22
1a (base 15) to base 2
11001
Convert 16 (base 10) to base 8.
20
48 (base 13) to base 4
330
-1 (base 14) to base 4
-1
21 (base 3) to base 2
111
-11011 (base 2) to base 3
-1000
Convert -144 (base 5) to base 12.
-41
b (base 16) to base 14
b
Convert 4 (base 8) to base 9.
4
What is 8 (base 9) in base 7?
11
What is -43 (base 13) in base 2?
-110111
What is 553 (base 6) in base 9?
